the prime factors of c?
5
Let b = 125 + -2. What are the prime factors of b?
3, 41
What are the prime factors of 1*(21 - -2)*1?
23
Let q(x) = -2*x + 9 + 5*x - 2*x. Let a be q(-6). List the prime factors of 5 + (-1 - (-2 + a)).
3
Let z(h) = -11*h**2 + 17*h - 7. Let s(f) = -5*f**2 + 8*f - 3. Let j(l) = 13*s(l) - 6*z(l). List the prime factors of j(-3).
2, 3
Let r(f) = f**2 + 7*f - 15. Let n be r(-8). Suppose 3*p = -0*p + 2*y - 33, -2*p = 5*y + 3. Let s = n - p. What are the prime factors of s?
2
Let h(r) = -r**3 - r**2 + r + 2. What are the prime factors of h(-3)?
17
Suppose 3*i - 4 = -i. What are the prime factors of 7 - (2 - i/(-1))?
2
Suppose -p + 2 = 6. Let o be p/10 - 2/(-5). Suppose a = j + 8, -a - j + 8 + 6 = o. What are the prime factors of a?
11
Let k = 55 + -8. List the prime factors of k.
47
Let a = 23 + -13. Let v = a + 11. What are the prime factors of v?
3, 7
Let g(m) = -m**3 - 2*m**2 + 11 + 13 + 0*m**2 + m**2. List the prime factors of g(0).
2, 3
Let t(m) = m**3 + 6*m**2 - 8*m - 4. Let s be t(-7). Let o be (1/s)/1*21. Let w = -3 + o. What are the prime factors of w?
2
Let o be 4/14 + 128/(-56). Let c = -1 + o. Let n(h) = -h. List the prime factors of n(c).
3
Suppose -3*m = -4*n - 207, 11 = -3*m + n + 209. List the prime factors of m.
5, 13
Suppose 0*o + 5*o = 25. Suppose -32 = -o*u - 2. Let g = u + -3. What are the prime factors of g?
3
Let x be (-12)/(-4) + 40 + -2. Suppose 0 = 4*t - x - 39. List the prime factors of t.
2, 5
Suppose 0*k - k - 18 = -4*i, -36 = 5*k - 2*i. Let y = k + -15. Let v = y + 32. List the prime factors of v.
11
Let h be ((-9)/(-4))/((-12)/(-256)). Suppose -2*x = -5*x + h. Suppose 4*a = -2*g + 2, 3*a = -3*g + 5*g - x. List the prime factors of g.
5
Suppose -q + 3 = 2*q. Let x be q - 0 - 1*-1. List the prime factors of (-100)/(-7) - x/7.
2, 7
Suppose 17 = 3*v + m - 0, -2*m = -4. Suppose -3*j = 2 - v. List the prime factors of 4 + -1 + 3/j.
2, 3
Let v(z) = -18*z + 1. Let n be v(-3). Suppose -4*x = -n + 7. What are the prime factors of x?
2, 3
Suppose 0 = 2*b + b - 51. Let k(x) = -2*x + 2. Let u be k(6). Let q = b + u. List the prime factors of q.
7
Let t(z) = z**3 - 3*z**2 - 5*z + 2. Let m be t(5). Let h = m + -15. List the prime factors of h.
2, 3
Let q(y) = -7*y - 2. Suppose -2*o - 3*j - 1 = -0, -o = -j + 3. List the prime factors of q(o).
2, 3
Suppose 3*q = -3*z + 120, -5*z + q = 107 - 283. What are the prime factors of z?
2, 3
Let a = 418 + -136. What are the prime factors of a?
2, 3, 47
Suppose 2*r + w - 5*w = 14, -4*r + 58 = 2*w. Let j = r + -5. What are the prime factors of j?
2
Let r be (-2)/(-4)*(1 - -3). Let k(v) = 0*v**2 - 2*v**2 + 1 + 4*v**r + v**3 - 5*v + 4*v. List the prime factors of k(2).
3, 5
Let f(u) = -u**3 - 7*u**2 - 5*u + 4. Let d be f(-6). List the prime factors of (195/6)/(-5)*d.
13
Let y be (0/4 - 2) + -6. List the prime factors of (-12)/y + 97/2.
2, 5
What are the prime factors of (3794/(-4))/(-7) + 3/6?
2, 17
What are the prime factors of 43 + (-1)/((-3)/9)?
2, 23
Suppose 30 = z + 5*z. Suppose 27 = z*q + 7, 4*b + q = 176. What are the prime factors of b?
43
Let g be (-6)/(-4)*2/3. What are the prime factors of ((-3)/(-9))/(g/18)?
2, 3
Let b = 195 - -25. List the prime factors of b.
2, 5, 11
Suppose 39 = 5*m + 4. Let u(k) = -k**2 + 8*k - 5. Let j be u(m). Suppose 0*p - 24 = -j*p. What are the prime factors of p?
2, 3
Suppose -55 = -0*x - x. Suppose 2*o - 6*o + x = b, 51 = 4*o + 5*b. List the prime factors of o.
2, 7
What are the prime factors of 14 - 9 - (-1 - 87)?
3, 31
Suppose 9*c + 198 = 11*c. What are the prime factors of c?
3, 11
Let a be 1 - 5/(0 - 1). Let s = -4 + a. What are the prime factors of s?
2
Suppose 0 = -3*j + 4*j - 4*y - 2, 5*j + 5*y - 35 = 0. What are the prime factors of 15*2*j/15?
2, 3
Let i be 1 + 0 + (2 - 1). Let a(d) = 4*d + 2. What are the prime factors of a(i)?
2, 5
Suppose k + 3*o = -2*k + 3, 3*k - 5*o = -5. Suppose 3*m + 53 = -k*m - 2*y, 4*m + 52 = 2*y. Let l = 26 + m. List the prime factors of l.
11
Suppose -5 = -s - 1. Let b = s - -5. What are the prime factors of b?
3
Suppose k + 12 = 3*k. What are the prime factors of k?
2, 3
Suppose 12 = 4*w, -y = 2*y + w - 477. List the prime factors of y.
2, 79
Let t(p) = 2*p**2 - 2*p. Let i be t(-3). Let w be (-6)/9 - i/(-9). Suppose 0 = -w*y + 4*x + 28, 16 = 4*y - 0*y + 2*x. List the prime factors of y.
2, 3
Suppose 2*j = -j. Suppose -f - 3*f - p + 78 = 0, j = 2*f + 2*p - 42. Suppose -4*g + 13 = -f. List the prime factors of g.
2
Let x(y) = 7*y**2 - 2*y + 1. Let d be x(-2). Let i be 1*d/(-6)*2. Let n = i - -18. What are the prime factors of n?
7
Suppose -y - 3*y = -384. What are the prime factors of y?
2, 3
Suppose -5*w - 8 = -113. What are the prime factors of w?
3, 7
List the prime factors of (5/(-3))/(8/(-24)).
5
Suppose 0 = b - 6. Suppose -2*m - b = -5*m. What are the prime factors of (-135)/(-7) + m/(-7)?
19
Let y be 7/(-1 + 3 - 1). Suppose 3*t = y + 17. What are the prime factors of t?
2
Suppose -2*t + 3*t = 0. Let y = 4 + t. List the prime factors of y.
2
Let k be (-1474)/(-8) - 5/20. What are the prime factors of (-6)/33 - k/(-44)?
2
Let v(l) = 10*l - 7. Let t be v(-5). Let o = 82 + t. What are the prime factors of o?
5
Let d(h) = -h**2 + 3 + 3*h + 2*h**2 + h**2 + 4*h**2. List the prime factors of d(-2).
3, 7
Suppose -12 = -3*z, -3*a + 5*z = -6*a + 701. List the prime factors of a.
227
Suppose 0*b - 2*b - 3*r + 38 = 0, -5*b + 2*r = -114. Suppose b = 2*z + 5*i, 1 + 3 = -2*i. What are the prime factors of z?
2
Suppose 0*f + 2*f = 40. List the prime factors of f.
2, 5
Let p(g) = -g**2 - 6*g - 3. Let a be p(-5). Suppose 3*i - a*n = 25 - 8, -4*n - 13 = -3*i. List the prime factors of (24/14)/(1/i).
2, 3
Let h = 13 - 8. Suppose 0 = -2*t + 3 - h. Let q = 9 - t. List the prime factors of q.
2, 5
Let q = 5 - -64. List the prime factors of q.
3, 23
Suppose 0 = 4*a - 5 - 3. Let q = a + 10. What are the prime factors of q?
2, 3
Let d = 49 + -34. Suppose 5*i - d = -3*k, -k + 9 = 3*i + k. Suppose 0*n - 45 = -2*n - 3*h, h + 51 = i*n. List the prime factors of n.
2, 3
What are the prime factors of (5 - -1) + (397 - 3)?
2, 5
What are the prime factors of 19/(0 - -1) + (-2)/(-2)?
2, 5
What are the prime factors of -1 + 17 + 3 + 0?
19
List the prime factors of (-10 + 4)*(0 + -2).
2, 3
Let p = 4 + -3. Suppose p + 0 = i. What are the prime factors of 6 + -4 + 6/i?
2
Suppose 5*x = 4*x + 2. Let o be (-44)/(-12) - x/(-6). Let w(l) = -l**2 + 7*l - 3. List the prime factors of w(o).
3
Let z = 310 + -144. What are the prime factors of z?
2, 83
Suppose 3*c - 42 = 258. List the prime factors of c.
2, 5
Let t = 3 - -7. List the prime factors of t.
2, 5
Suppose 8 = o + 3*o. Suppose 0 = h + o - 4. List the prime factors of h.
2
Suppose -q + 2 + 2 = 4*n, -3*q = n + 10. Let s be q + -2*1 + 4. What are the prime factors of -1*(0 - (7 + s))?
5
Suppose 2*r - 4*d = -10, 4*d + 6 = 22. Suppose w = -3*x + 15, 0 = -3*w + 2*x + r*x - 11. What are the prime factors of w?
3
Let d(h) be the second derivative of h**3/3 - 11*h**2/2 + h. Let u be d(12). Let b = u + -3. List the prime factors of b.
2, 5
Suppose 0 = 7*d - 2*d + 315. What are the prime factors of d/(-6)*(-2 + 4)?
3, 7
What are the prime factors of 0 + (-668)/(-6) - (-24)/(-72)?
3, 37
Suppose -15 + 3 = -6*m. List the prime factors of m.
2
Suppose 45 = 4*h - 15. Suppose -5*d + 2*d - h = 0, 28 = 2*x + 2*d. What are the prime factors of x?
19
Suppose -5*r + 1 + 4 = f, f - 5 = 4*r. Suppose 0*b - 3*b + 2*h = -3, 17 = -2*b - f*h. List the prime factors of 81/12 + b/(-4).
7
Let l(n) = -n**2 - 7*n - 2. Let f be l(-7). List the prime factors of (1 + -8)/(f/6).
3, 7
Let t(r) = r**2 + 4*r + 5. Let y be t(4). Let k = -16 + y. What are the prime factors of k?
3, 7
Let y = -2 + 9. What are the prime factors of y?
7
Let g = 3 + -3. Let l = g + 2. Suppose -5 = -l*u + 19. What are the prime factors of u?
2, 3
Let d = 28 - -20. What are the prime factors of d?
2, 3
Let l(w) = 7*w + 3. Let r be l(8). Suppose 3*b + 9 = -0, 4*n = 5*b + r. List the prime factors of n.
11
Suppose 5*y - 80 = -3*y. Suppose -3 - 13 = u. List the prime factors of 1/(y/u)*-5.
2
List the prime factors of ((-162)/(-6))/((-2)/(-4)).
2, 3
Let s be (-40)/(-15)*6/2. Suppose s*y + 22 = 10*y. List the prime factors of y.
11
Let c(l) = -l**2